{"id":296,"date":"2020-11-14T12:17:02","date_gmt":"2020-11-14T11:17:02","guid":{"rendered":"http:\/\/www.jemelle.be\/?page_id=296"},"modified":"2020-11-14T14:53:01","modified_gmt":"2020-11-14T13:53:01","slug":"livrets-thematiques","status":"publish","type":"page","link":"https:\/\/www.jemelle.be\/index.php\/livrets-thematiques\/","title":{"rendered":"Les cahiers du Syndicat d&rsquo;Initiative"},"content":{"rendered":"\n<div class=\"wp-block-image\"><figure class=\"alignleft size-large is-resized\"><img decoding=\"async\" loading=\"lazy\" src=\"http:\/\/www.jemelle.be\/wp-content\/uploads\/2020\/11\/Cahier_si_jemelle.gif\" alt=\"\" class=\"wp-image-307\" width=\"185\" height=\"274\"\/><\/figure><\/div>\n\n\n\n<p><em>La forteresse du Vieux Ch\u00e2teau<\/em> (\u00c9dition 2020) &#8211; 5 euros<br><em>Le kiosque de Jemelle<\/em> (\u00c9dition 2018) &#8211; 5 euros<br><em>La chapelle Notre-Dame de Gr\u00e2ces<\/em> (\u00c9dition 2017) &#8211; 5 euros<br><em>L&rsquo;\u00e9glise de Jemelle \u00e0 150 ans<\/em> (Edition 2015) &#8211; 10 euros<br><em>Les lieux de m\u00e9moire de Jemelle<\/em> (\u00c9dition 2014) &#8211; 5 euros<br><em>Jemelle, Une histoire d&rsquo;eaux&#8230;Aussi ! <\/em>(\u00c9dition 2013) &#8211; 5 euros<br><em>La Chapelle Notre-Dame de Lourdes \u00e0 Jemelle<\/em> (Edition 2012) &#8211; 5 euros<\/p>\n\n\n\n<p>Si vous souhaitez commander l&rsquo;un de ces livrets, <a href=\"mailto:sijemelle@gmail.com\" data-type=\"mailto\" data-id=\"mailto:sijemelle@gmail.com\">contactez-nous <\/a> !<\/p>\n\n\n\n<figure class=\"wp-block-image size-large\"><img decoding=\"async\" loading=\"lazy\" width=\"1024\" height=\"577\" src=\"http:\/\/www.jemelle.be\/wp-content\/uploads\/2020\/11\/cahiers_si-1024x577.jpg\" alt=\"\" class=\"wp-image-294\" srcset=\"https:\/\/www.jemelle.be\/wp-content\/uploads\/2020\/11\/cahiers_si-1024x577.jpg 1024w, https:\/\/www.jemelle.be\/wp-content\/uploads\/2020\/11\/cahiers_si-300x169.jpg 300w, https:\/\/www.jemelle.be\/wp-content\/uploads\/2020\/11\/cahiers_si-768x433.jpg 768w, https:\/\/www.jemelle.be\/wp-content\/uploads\/2020\/11\/cahiers_si.jpg 1280w\" sizes=\"(max-width: 767px) 89vw, (max-width: 1000px) 54vw, (max-width: 1071px) 543px, 580px\" \/><\/figure>\n\n\n\n<p><\/p>\n","protected":false},"excerpt":{"rendered":"<p>La forteresse du Vieux Ch\u00e2teau (\u00c9dition 2020) &#8211; 5 eurosLe kiosque de Jemelle (\u00c9dition 2018) &#8211; 5 eurosLa chapelle Notre-Dame de Gr\u00e2ces (\u00c9dition 2017) &#8211; 5 eurosL&rsquo;\u00e9glise de Jemelle \u00e0 150 ans (Edition 2015) &#8211; 10 eurosLes lieux de m\u00e9moire de Jemelle (\u00c9dition 2014) &#8211; 5 eurosJemelle, Une histoire d&rsquo;eaux&#8230;Aussi ! (\u00c9dition 2013) &#8211; 5 &hellip; <\/p>\n<p class=\"link-more\"><a href=\"https:\/\/www.jemelle.be\/index.php\/livrets-thematiques\/\" class=\"more-link\">Continuer la lecture<span class=\"screen-reader-text\"> de &laquo;&nbsp;Les cahiers du Syndicat d&rsquo;Initiative&nbsp;&raquo;<\/span><\/a><\/p>\n","protected":false},"author":1,"featured_media":0,"parent":0,"menu_order":0,"comment_status":"closed","ping_status":"closed","template":"","meta":{"ngg_post_thumbnail":0},"_links":{"self":[{"href":"https:\/\/www.jemelle.be\/index.php\/wp-json\/wp\/v2\/pages\/296"}],"collection":[{"href":"https:\/\/www.jemelle.be\/index.php\/wp-json\/wp\/v2\/pages"}],"about":[{"href":"https:\/\/www.jemelle.be\/index.php\/wp-json\/wp\/v2\/types\/page"}],"author":[{"embeddable":true,"href":"https:\/\/www.jemelle.be\/index.php\/wp-json\/wp\/v2\/users\/1"}],"replies":[{"embeddable":true,"href":"https:\/\/www.jemelle.be\/index.php\/wp-json\/wp\/v2\/comments?post=296"}],"version-history":[{"count":4,"href":"https:\/\/www.jemelle.be\/index.php\/wp-json\/wp\/v2\/pages\/296\/revisions"}],"predecessor-version":[{"id":309,"href":"https:\/\/www.jemelle.be\/index.php\/wp-json\/wp\/v2\/pages\/296\/revisions\/309"}],"wp:attachment":[{"href":"https:\/\/www.jemelle.be\/index.php\/wp-json\/wp\/v2\/media?parent=296"}],"curies":[{"name":"wp","href":"https:\/\/api.w.org\/{rel}","templated":true}]}}

<div class="wp-block-image"><figure class="alignleft size-large is-resized"><img decoding="async" loading="lazy" src="http://www.jemelle.be/wp-content/uploads/2020/11/Cahier_si_jemelle.gif" alt="" class="wp-image-307" width="185" height="274"/></figure></div>



<p><em>La forteresse du Vieux Château</em> (Édition 2020) &#8211; 5 euros<br><em>Le kiosque de Jemelle</em> (Édition 2018) &#8211; 5 euros<br><em>La chapelle Notre-Dame de Grâces</em> (Édition 2017) &#8211; 5 euros<br><em>L&rsquo;église de Jemelle à 150 ans</em> (Edition 2015) &#8211; 10 euros<br><em>Les lieux de mémoire de Jemelle</em> (Édition 2014) &#8211; 5 euros<br><em>Jemelle, Une histoire d&rsquo;eaux&#8230;Aussi ! </em>(Édition 2013) &#8211; 5 euros<br><em>La Chapelle Notre-Dame de Lourdes à Jemelle</em> (Edition 2012) &#8211; 5 euros</p>



<p>Si vous souhaitez commander l&rsquo;un de ces livrets, <a href="mailto:sijemelle@gmail.com" data-type="mailto" data-id="mailto:sijemelle@gmail.com">contactez-nous </a> !</p>



<figure class="wp-block-image size-large"><img decoding="async" loading="lazy" width="1024" height="577" src="http://www.jemelle.be/wp-content/uploads/2020/11/cahiers_si-1024x577.jpg" alt="" class="wp-image-294" srcset="https://www.jemelle.be/wp-content/uploads/2020/11/cahiers_si-1024x577.jpg 1024w, https://www.jemelle.be/wp-content/uploads/2020/11/cahiers_si-300x169.jpg 300w, https://www.jemelle.be/wp-content/uploads/2020/11/cahiers_si-768x433.jpg 768w, https://www.jemelle.be/wp-content/uploads/2020/11/cahiers_si.jpg 1280w" sizes="(max-width: 767px) 89vw, (max-width: 1000px) 54vw, (max-width: 1071px) 543px, 580px" /></figure>



<p></p>

<p>La forteresse du Vieux Château (Édition 2020) &#8211; 5 eurosLe kiosque de Jemelle (Édition 2018) &#8211; 5 eurosLa chapelle Notre-Dame de Grâces (Édition 2017) &#8211; 5 eurosL&rsquo;église de Jemelle à 150 ans (Edition 2015) &#8211; 10 eurosLes lieux de mémoire de Jemelle (Édition 2014) &#8211; 5 eurosJemelle, Une histoire d&rsquo;eaux&#8230;Aussi ! (Édition 2013) &#8211; 5 &hellip; </p>
<p class="link-more"><a href="https://www.jemelle.be/index.php/livrets-thematiques/" class="more-link">Continuer la lecture<span class="screen-reader-text"> de &laquo;&nbsp;Les cahiers du Syndicat d&rsquo;Initiative&nbsp;&raquo;</span></a></p>
